k(h) = 2*h - 8. Suppose 0 = 2*x - 25 + 13. What is k(x)?
4
Let m(r) = r + 1. Let y(o) = -o + 2. Let b(x) = 4*m(x) + y(x). Give b(-6).
-12
Let k(l) = l**3 + 8*l**2 - 3. Let y be k(-8). Let o be y*2*2/(-6). Let x(v) = v - o*v + 2*v. Determine x(2).
2
Let s(z) = -3*z**3 - 10*z**2 + 13*z + 1. Let n(w) = w**3 + 5*w**2 - 6*w. Let b(r) = -5*n(r) - 2*s(r). Give b(3).
-8
Suppose -3*u + 3*l = -1 - 8, 3*u + 9 = -3*l. Let r(a) = 0*a - 1 + 3*a + u*a. Let n(x) = -x**3 - 7*x**2 + 7*x - 9. Let c be n(-8). Give r(c).
-4
Suppose -2*q + 4 = 2*d, 7*d - 14 = -3*q + 2*d. Suppose -2*o - o + 11 = -v, o + v = 1. Let b(s) = 3*s + o*s**2 + 2*s - 2*s. Determine b(q).
6
Suppose 0 = 4*y - 5*j - 9, -y + 3*y - j + 3 = 0. Let r(i) be the second derivative of i**5/20 + i**4/3 - i**3/2 - 5*i**2/2 - i. What is r(y)?
7
Let k = -1 - -4. Let g(u) = -9*u**3 + 8*u**k - 4 - 4*u**2 + 0*u + 4*u. Determine g(-5).
1
Let y(i) = -i**2 - 7*i - 3. Let k = -130 - -122. Give y(k).
-11
Let c(m) = -m**2 - 2 - 2*m + 2 + 3*m + 3. Suppose 0*q - 2*q = 0. Calculate c(q).
3
Let t(m) = -m**2 - 10*m - 6. Let y be t(-9). Suppose -o + y = 8. Let s(w) = -w. Determine s(o).
5
Let s be ((-2)/(-4))/(6/12). Let y(x) = 10*x**3 + x**2 + x - 1. Give y(s).
11
Let y(k) = -k**3 + 5*k**2 - 6*k + 5. Suppose -t + 9*t = 32. Calculate y(t).
-3
Let b(a) = a**3 - a**2 - a. Let z be b(2). Let m(y) = 7*y + 3 + 12*y**z + 3 - 11*y**2. Suppose 2*k + 1 = -7. What is m(k)?
-6
Let u(w) = -2*w - 34 - 32 + 69. Calculate u(4).
-5
Let r(m) = m**3 - 3*m**2 - 5*m + 2. Suppose -12 = -31*o + 27*o. Calculate r(o).
-13
Let p(o) = 2*o**3 - 7*o**2 - 6*o + 2. Let w(s) = -3*s**3 + 13*s**2 + 11*s - 4. Let b(d) = -5*p(d) - 3*w(d). Calculate b(-3).
2
Let g(h) be the third derivative of -h**4/24 - h**3/2 + 12*h**2. Calculate g(-4).
1
Let l = 14 + -10. Let s(t) = t + 4. Determine s(l).
8
Let d = -18 - -22. Let f(j) = j**3 - 4*j**2. Determine f(d).
0
Let y(b) = 3*b**3 + 5*b**2 - 2*b - 3. Let s(o) = 4*o**3 + 4*o**2 - 2*o - 2. Let q(p) = 4*s(p) - 3*y(p). What is q(1)?
7
Suppose 7*y - 6*y - 12 = 0. Let s(q) = -q**3 + 13*q**2 - 11*q - 6. Give s(y).
6
Let t(v) = 11*v**3 + 13*v**2 + 11*v + 13. Let u(g) = 6*g**3 + 6*g**2 + 5*g + 6. Let o(p) = 6*t(p) - 13*u(p). Give o(-1).
11
Let o(c) = -7*c**3 - 6*c**2 - c + 7. Let g(l) be the second derivative of 3*l**5/20 + l**4/4 - 3*l**2/2 + 2*l. Let p(i) = 5*g(i) + 2*o(i). Calculate p(-3).
5
Let y be (-18)/(-52) + (-52)/(-338). Let u(m) be the first derivative of -3 + y*m**2 - 6*m. Determine u(5).
-1
Suppose -5*j = -j. Suppose 5*x - 3*l - 9 = j, -x + l + 2*l = 3. Let v(p) = p**3 - 3*p**2 + 3*p - 3. Calculate v(x).
6
Let f(p) = -2*p**2. Suppose -2*m = -0*m - 6. Give f(m).
-18
Let m(h) = h**2 + 8*h. Suppose -8*a = 26 + 30. What is m(a)?
-7
Let v = 0 + -2. Let t be v/((1 + 0)*2). Let i(h) = h**3 + 1. Give i(t).
0
Let y(n) = -n**3 - 23*n**2 - 22*n - 7. Let o be y(-22). Let j(l) = l**3 + 7*l**2 - 6. Give j(o).
-6
Suppose 5*p - 3 - 22 = 0. Suppose p*f = 14 - 4. Let k be (-1)/((-2)/(-12)*f). Let a(z) = z**2 + 5*z. Calculate a(k).
-6
Let j(g) = g + 2. Suppose -4 + 16 = 4*d. Suppose 2*x + 4*n + 12 = 0, 3*x + 3*n + d = -0*n. What is j(x)?
6
Let u(x) = -3*x**3 - 2*x**2 + 2*x + 5. Let s(n) = 4*n**3 + 3*n**2 - 3*n - 6. Let p(q) = 4*s(q) + 5*u(q). Give p(1).
2
Let l(g) = -3*g + 9. Let h(k) = -7*k + 19. Let s(r) = 6*h(r) - 13*l(r). Suppose 3*c - 10 - 2 = 0. What is s(c)?
-15
Let l be (-9)/(-3) - (0 - 0). Let b(r) = r. Let z(n) = -10*n + 3. Let p(v) = -v. Let y(m) = 3*p(m) - z(m). Let c(s) = -6*b(s) + y(s). What is c(l)?
0
Suppose 2*f = -3*y + 9, 6*y - 2*y = 2*f + 12. Suppose -k + 2*k - 4 = f. Let b(m) = 0*m**3 - 2*m - 3*m**3 + 3 + 2*m**3 + 4*m**2. Give b(k).
-5
Let k(r) be the second derivative of -r**4/12 + 3*r**2/2 - 8*r. Give k(3).
-6
Let o(r) be the first derivative of r**4/4 + 2*r**3/3 + r**2/2 - 10. Determine o(-1).
0
Let f(z) = -z**3 + 8*z**2 - 6*z - 9. Suppose -2*o - 4*x - 7 = -3*o, 5*o - 35 = 2*x. Calculate f(o).
-2
Let o be 17/5 - 4/10. Let i(d) = d**2 + 2*d + 1. Give i(o).
16
Let v(y) = y + 2 - 2*y**2 + 11*y**2 - 3*y**2 - y**3. Determine v(6).
8
Let x(p) = p**2 - 3*p - 1. Let i(q) = q - 1. Let o be i(0). Let g be (-1 + o - -8) + 1. Let m = 5 - g. Determine x(m).
9
Let k(h) = h**3 + 4*h**2 - 4*h - 1. Let g be (-236)/(-12) - (-2)/(-3). Suppose 4*z + g + 6 = -w, -40 = 5*z + 3*w. What is k(z)?
-6
Let o(m) = -m - 1. Suppose 5*a + 1 = -24. Give o(a).
4
Suppose -4*o = -5*o. Let n(w) = o + 3 + 3 - w**2 - 2*w. Let r be ((-5)/2)/((-5)/(-10)). Give n(r).
-9
Let l(k) = 4*k + 16. Let z(g) be the first derivative of -g**2/2 - 5*g - 4. Let y(n) = -3*l(n) - 10*z(n). Calculate y(2).
-2
Let i(h) = 2*h + 24. Let a(v) = -v - 12. Let j(f) = -11*a(f) - 6*i(f). Give j(-9).
-3
Let f(s) = s**2 + s. Let i(w) = 4*w**2 + 10*w + 2. Let z(x) = -3*f(x) + i(x). Give z(-6).
-4
Let u(f) be the second derivative of -f**2 + 1/12*f**4 + 5/6*f**3 + 0 - 2*f. Let l(z) be the first derivative of u(z). What is l(-5)?
-5
Let l(r) = 16*r + 16. Let n(a) = -3*a - 3. Let t = -25 - -14. Let y(h) = t*n(h) - 2*l(h). Suppose 0 = -5*b + 23 - 8. Calculate y(b).
4
Let m(v) = v**2 - v. Let u(g) = g - 10. Let w be u(13). Give m(w).
6
Let h be (2/6)/(6/(-18)). Let t(i) = -12*i**3 + 4*i**2 + 4*i + 4. Let w(d) = d**3 - d**2 - d - 1. Let y(k) = -t(k) - 5*w(k). Calculate y(h).
-6
Suppose y = 3*y. Let d be y + 1*(-4)/(-2). Suppose 5*p - 3*z = 0, z + 0*z + 1 = d*p. Let a(q) = q**3 - 4*q**2 + 2*q - 3. Give a(p).
-6
Let k(l) be the second derivative of -1/2*l**2 + 0 + 4*l + 1/6*l**4 - 1/20*l**5 + 0*l**3. Give k(2).
-1
Let m(j) = 9*j**2 + 4*j + 7. Let i(d) = d**2 + d + 1. Let a(g) = -6*i(g) + m(g). What is a(1)?
2
Let z(f) be the third derivative of f**3 + 5/24*f**4 - 6*f**2 + 0*f + 0 - 1/60*f**5. Calculate z(5).
6
Let r = -3 - -5. Suppose 4*y = 2*b + r, 4*b = -y + 2*b + 3. Let g(o) be the third derivative of o**5/60 - 5*o**2. Calculate g(y).
1
Let u(d) be the first derivative of d - 3/4*d**4 - 3 - 1/3*d**3 + 0*d**2. Calculate u(1).
-3
Let z(o) = 14*o**2 - o**3 + 3*o + 15 - 3*o**2 - 14*o. Calculate z(10).
5
Let q(i) be the third derivative of 3*i**5/20 - i**3/6 - 9*i**2. Determine q(-1).
8
Let c(n) = -n + 11. Let a be c(9). Let o(h) = 113*h + 2 - a - 122*h. Give o(1).
-9
Let g(n) = -2*n**2 + 6*n + 3. Suppose 0 = 19*b - 18*b - 5. Determine g(b).
-17
Let t(j) = 6*j - 3*j**2 + 9*j**2 - 4*j**2 - 1 - 3*j**2. Give t(4).
7
Let y(t) = 3*t**2 + t - 1. Let z be (-156)/(-132) + (-2)/11. Give y(z).
3
Let i = 6 - 0. Let z(y) = 11 - 9 + i*y - 5. Calculate z(2).
9
Suppose p + 1 = -0*x - x, -2*p + x = 5. Let b = 10 + -15. Let j(d) = 3*d + 5. Let i(w) = 2*w + 3. Let y(u) = b*j(u) + 8*i(u). Determine y(p).
-3
Let v(p) = 3*p**3 + 2*p**2 - 1. Let t be v(1). Let k be (-10)/(-4) + 2/t. Let s(y) be the third derivative of y**5/60 - y**4/24 + 16*y**2. What is s(k)?
6
Let h(t) = -2*t**2 - 5*t - 2. Let k(l) = -l**2 + l - 1. Let c(s) = h(s) - 3*k(s). Calculate c(6).
-11
Let y = 8 - 5. Let p(w) = 2*w**2 + 5*w. Let x(d) = -d + 3*d**2 - 4*d**2 + 0*d**2 + 0*d. Let c(s) = y*x(s) + p(s). Determine c(3).
-3
Let h(s) be the second derivative of s**3/3 - 2*s**2 - 2*s. What is h(6)?
8
Let h(s) = s**2 + 2 - 11 + 0*s**2 - s**3. Let j(v) be the first derivative of -v**2/2 + 2*v - 2. Let t be j(2). Give h(t).
-9
Let m(k) be the third derivative of -k**5/60 + k**4/24 + 2*k**3/3 - k**2. Let g be 0*((-1)/(-5))/((-15)/25). What is m(g)?
4
Let k(h) = -11*h**3 + 2*h**2 - 19*h + 19. Let s(v) = 5*v**3 - v**2 + 9*v - 9. Let m(g) = -6*k(g) - 13*s(g). Determine m(-3).
-6
Let o(h) = 2*h**2 - 3*h - 3. Let n be o(6). Let g be n/(-9) - 1/3. Let u(v) = -v**3 - 5*v**2 + 8*v + 8. What is u(g)?
-4
Let z(s) = s**2. Let w be (-7)/(-56) - 100/32. Determine z(w).
9
Let s(d) be the first derivative of -d**2 + 5*d + 1. Suppose 3*w = -3*z + 24 + 6, -5*z + 40 = 3*w. Suppose z*c - c = 20. Determine s(c).
-5
Suppose -28 = -0*q - 4*q. Let z(h) be the first derivative of h**3/3 - 7*h**2/2 + h + 3. Calculate z(q).
1
Let h(z) = -10*z**2 - 2 + 5*z**2 + z**3 + 6*z + 0*z**3. Suppose 4*w = -a + 18, w + w - 10 = -a. Determine h(w).
6
Let m(u) be the second derivative of -u**3/3 - u**2/2 - 9*u. Let x be (1 + 1)/(-2 + 0). Determine m(x).
1
Let d(b) = 7*b + 2. Let i(g) = -3*g - 1. Let a(f) = -3*d(f) - 5*i(f). What is a(1)?
-7
Suppose 2*t + t = 0. Let k(g) = -g**2 